 + 4*x - 73. Let h = c - 40. What is the units digit of h?
1
Let l = 455 + -365. What is the tens digit of l?
9
Suppose -c = -2*i - 73, -2*i + 11 = 3. What is the units digit of c?
1
Let f(n) be the third derivative of n**5/15 - 5*n**4/24 - 8*n**3/3 - 21*n**2. What is the tens digit of f(4)?
2
Let o(l) be the third derivative of 11*l**6/120 + l**5/30 + l**4/12 - l**3/6 + 14*l**2. Let k be o(-3). What is the tens digit of k/(-6) + (-14)/21?
4
Suppose 5*x + 5*l = 10*x - 2930, -3*l - 2940 = -5*x. What is the units digit of x?
1
Suppose -4*v - 30 = 5*f, -4*f + 2*v - 35 = 3*v. What is the units digit of (-10)/(-2)*(-66)/f?
3
Let r = -1326 - -1547. What is the tens digit of r?
2
What is the units digit of 591*((-4)/2 + (-42)/(-14))?
1
Let v(r) = -r**3 + 51*r**2 - 9*r + 128. What is the thousands digit of v(49)?
4
Let z = -6111 - -9107. What is the thousands digit of z?
2
Suppose -722 = -7*r + 272. Suppose 0*t - 1 = t, 3*i + 2*t - r = 0. What is the units digit of i?
8
Let d(a) = -3*a**2 - 6*a + 7. Let s be d(-8). Let h = -23 - s. What is the units digit of h?
4
Let b be 27 + 4 + 0 + -1. Let k = b - 40. What is the tens digit of ((-6)/k)/((-10)/(-300))?
1
Let v(d) = -d**3 + 7*d**2 + 14*d - 1. Let n = 24 - 17. What is the tens digit of v(n)?
9
Suppose 0*g = -3*g + 15. Suppose -i + 7*k - 2*k + 39 = 0, 3*i + g*k = 157. Let j = -29 + i. What is the tens digit of j?
2
Suppose 0 = i - 2*u + 183, -u - 2*u = 4*i + 754. Let q = i - -286. What is the units digit of q?
9
Let u be ((-4)/8)/(1/(-10)). Suppose -u*n + 2*n + 48 = 0. What is the units digit of (-6)/(-8) - (-52)/n?
4
What is the hundreds digit of (-2957)/((-5 + 38/8)*4)?
9
Suppose 4*a = -0*a + 176. Suppose 10 = 2*l - a. What is the tens digit of l?
2
Let h be -1*(1/(-1) - -11). What is the units digit of (-2 - -12)*(-8)/h?
8
Let n = -2 - -14. Let w = 14 - n. Suppose 2*i - 10 = 3*b, w*b = 5*i - b - 43. What is the tens digit of i?
1
Suppose -94 = -5*s - 14. Suppose -l + 4*a + 67 = 0, 0 = -3*l - 5*a + s + 219. What is the units digit of l?
5
Let l(b) = b**3 - b**2 - 7*b + 17. Let h = -1 + 7. What is the units digit of l(h)?
5
Let l(i) = -2*i - 4. Let u be l(1). What is the tens digit of (-906)/(-10) + u/(-15)?
9
What is the units digit of 26/(-104) + 22347/12?
2
Let c(m) = -13*m. Let z(n) = -n**2 + 7*n - 3. Let t be (-1 - -15)*2/4. Let x be z(t). What is the tens digit of c(x)?
3
Let k = 8 - 9. Let m = 1 + -4. What is the units digit of ((-5 - m)/1)/k?
2
Let v = -1 - -4. Suppose -g = -v - 2, 115 = 3*q - g. What is the units digit of q?
0
Let a be (-460)/8 + 4/8. Let t = 73 + a. What is the tens digit of t?
1
Let u = 0 - 3. Let j be -1 - ((1 - -1) + u). Suppose 0*g = -3*g - 5*p + 124, -4*g + 5*p + 107 = j. What is the units digit of g?
3
Suppose -m - 9 = -5*q + m, -3*m - 3 = -4*q. Suppose -q*b - g = -5*b + 127, 4*g = -5*b + 324. What is the tens digit of b?
6
Let r(m) be the third derivative of -m**5/60 + 3*m**4/4 + m**3/3 + 18*m**2. What is the tens digit of r(8)?
8
What is the hundreds digit of ((-11690)/(-20))/((-3)/(-6))?
1
Let z(l) = 1688*l**2 + 30*l - 32. What is the hundreds digit of z(1)?
6
Suppose -5860 = 339*u - 349*u. What is the hundreds digit of u?
5
Suppose -3135 = 193*u - 204*u. What is the hundreds digit of u?
2
What is the hundreds digit of ((-160)/100)/(2 + (-1656)/825)?
2
Let o(y) be the third derivative of 11*y**6/360 - y**5/60 + y**4/6 + 5*y**2. Let z(p) be the second derivative of o(p). What is the units digit of z(1)?
0
Let v(w) = -14*w**2 + w. Let u be v(-1). Let n = 230 - 229. What is the units digit of ((3 + u)*n)/(-1)?
2
What is the hundreds digit of (-3668)/12*9/(-3)?
9
Suppose 577*q = 591*q - 40572. What is the thousands digit of q?
2
Let w = -68 - 78. Let f = w - -231. What is the units digit of f?
5
Suppose 0 = 66*t - 56717 - 42877. What is the thousands digit of t?
1
Suppose 18*w = 17*w. Suppose w = q + 3*q - 236. What is the tens digit of q?
5
Suppose 39 = -10*m + 13*m. Let t = -6 + m. Suppose 3*v = -6, t*g = 3*g + 5*v + 138. What is the units digit of g?
2
Let j be -3 - -2 - -6 - 3. Suppose a - 20 + 3 = -j*l, -3*l - 4*a = -38. What is the units digit of l?
6
Let u = 9 - -10. Suppose u*f - 20 = 15*f. Suppose f*v = 133 + 57. What is the tens digit of v?
3
Suppose -50*c + 981 = -47*c. What is the hundreds digit of c?
3
Suppose 4*m - 15 = -3*c, 1 = -2*c + 11. Suppose u - 5*u + 56 = m. What is the tens digit of u?
1
Suppose 5*m = -3*y + 557, -45*m - 573 = -3*y - 42*m. What is the hundreds digit of y?
1
Let z = -59 - -42. Suppose 2*o - b - 79 = 0, 3*b + 182 = 5*o - 17. Let w = o + z. What is the units digit of w?
1
Let r = 21 + -20. What is the tens digit of (r + -91)/(((-4)/(-1))/(-4))?
9
Let h(l) = 0*l**2 + l**2 - 41 + 28*l + 92. What is the tens digit of h(-28)?
5
Suppose -k + z + 2500 = 0, 2*k - 1788 = 3*z + 3212. What is the thousands digit of k?
2
Suppose -4008 - 2472 = -30*n. What is the tens digit of n?
1
Let h be (-956)/34 - (180/(-85) - -2). What is the tens digit of (-4)/(-7) - 544/h?
2
Let x(r) = 104*r - 2. Suppose 5*s = -3*g - 17, -5*g + 4*s + 6 + 15 = 0. What is the hundreds digit of x(g)?
1
Let t = 483 - 214. Suppose 0 = -10*k + t + 1. What is the units digit of k?
7
Let y be 1 + 7 - -4*(-5 + 4). Suppose -y*a = u - 165, -102 = -2*u - a + 221. What is the units digit of u?
1
Suppose 65 = -4*z + 4*u - u, -4*u = z + 2. What is the units digit of 63/2 - (-7)/z?
1
Let u(q) = -q + 30. Let p be (4/(-7))/(8/(-28)). Suppose 2*t = p*c - 28, -4*c - 23 = 4*t + 33. What is the units digit of u(t)?
4
Suppose -5*v + h = -4236, 4*v - v - 2538 = -3*h. What is the units digit of v?
7
Let s = 891 + 621. What is the thousands digit of s?
1
Let s be (110/(-25))/((-6)/15). Suppose 4*t = -3*k + s, 0*t = 2*k + 5*t + 2. Let c(o) = 2*o**2 - 9*o - 13. What is the units digit of c(k)?
8
Suppose k - 771 - 2293 = 0. What is the units digit of k?
4
Let b be (-1 - 0)/(-2 - -3). Let f = b - 18. Let w = f + 22. What is the units digit of w?
3
Let h = -210 - -393. Suppose 2*u = -u - 2*l + h, 138 = 2*u - 4*l. What is the tens digit of u?
6
Let u(t) = 10*t - 2. Let x(h) = -h + 1. Suppose 0*q = -q. Let i be x(q). What is the units digit of u(i)?
8
Let f(o) = -o**2 + 2*o + 19. Let h be f(7). What is the tens digit of (-276)/h + (-4)/16?
1
Suppose 5*w + 4*b = 18714 - 1285, 0 = -w + b + 3493. What is the hundreds digit of w?
4
Suppose -2291 = -2*l - 2*n - 835, 4*l = n + 2902. What is the tens digit of l?
2
Let t be 0/((4 - 3)*-1). Suppose t = 5*p - 88 + 18. What is the units digit of p?
4
Suppose -5*w - 2 = 4*i, 0*i = -4*i + 5*w + 18. Let y be 20 + (-3)/((-9)/(-12)). Suppose y = i*f + 2*f. What is the units digit of f?
4
Let i(q) = q**2 + 8*q + 12. Let r be i(-4). What is the tens digit of (-647)/r - 16/(-64)?
6
Let p = 7693 - 4056. What is the units digit of p?
7
Let o be (4 - 3)*0/(-3). Suppose m - s - 162 = o, 3*m + 5*s - 213 = 281. What is the units digit of m?
3
Let q(a) = -a + 7. Let b be q(13). Let m(v) = -5*v + 8 + 3 + v. What is the units digit of m(b)?
5
Let d = -86 + 190. Suppose 11*r = 13*r - d. What is the tens digit of r?
5
Let b(h) = h**2 + 9*h + 20. Let o be b(-8). Let j = 9 - o. Let u(p) = 5*p**2 + 5*p + 3. What is the units digit of u(j)?
3
Let z be 0/(5/(4 - 9)). Suppose 393 + 611 = 4*n + 4*m, z = 5*n + 2*m - 1258. What is the tens digit of n?
5
Let g(k) = -k**2 + 31*k - 2. What is the hundreds digit of g(19)?
2
Suppose 0 = -5*u + 7*u - 1572. What is the tens digit of u?
8
Let f(y) = -9*y - 13. Suppose 29 = -3*z + 5. What is the units digit of f(z)?
9
Let u(z) = -11*z + 161. What is the tens digit of u(11)?
4
Let v = 162 - 132. What is the units digit of v?
0
Let i = -60 - -24. Let m be (i/(-8))/(1/6). Let n = m + -11. What is the units digit of n?
6
Suppose -g - 10 = -6*g. Let i be (-12)/(-30) - g/5. Suppose -o + 72 = 4*f, 3*o - 12 = -i*o. What is the tens digit of f?
1
Suppose 4*g = -102 - 126. Let u = 84 + g. What is the tens digit of u?
2
Suppose 0 = b + 2*b + 174. Suppose 7*r + 10 = -277. Let n = r - b. What is the units digit of n?
7
Let t(p) be the second derivative of -21*p**5/20 - p**4/6 - p**3/6 - 11*p. What is the tens digit of t(-1)?
2
Let r(v) = v**3 - 5*v**2 - 5*v + 7. Let d be r(6). Let a = 48 + d. What is the units digit of a?
1
Let r(c) = 3*c**3 + 56*c**2 - 60*c